40420030
In base 14, what is -ba81 - -b?
-ba74
In base 2, what is -11000100011001 + -110011010000?
-11110111101001
In base 4, what is 3 + -20213121011?
-20213121002
In base 2, what is -10110 - 11100001101011010?
-11100001101110000
In base 7, what is -16051 - 1410?
-20461
In base 9, what is 5 - 273776186?
-273776181
In base 12, what is 2 - b16347?
-b16345
In base 7, what is 26404263 + 4?
26404300
In base 16, what is -b82 - 7e89?
-8a0b
In base 13, what is -35838a + 4?
-358386
In base 3, what is -20 - 222120110111211002?
-222120110111211022
In base 3, what is 1012010021 - 12110120?
222122201
In base 5, what is 4 - 320440004?
-320440000
In base 16, what is -1 - 3edb6b?
-3edb6c
In base 11, what is -7242069 + -1?
-724206a
In base 8, what is 21650 + -71?
21557
In base 9, what is 77705 + -145?
77550
In base 14, what is bd8cc7 + -3?
bd8cc4
In base 4, what is 13203030102 + -12223?
13203011213
In base 3, what is -212010020120210 - 12?
-212010020120222
In base 15, what is -8 - -1866428?
1866420
In base 2, what is -1100101111001011 + 1101?
-1100101110111110
In base 12, what is -5 - 7a3032?
-7a3037
In base 8, what is 1 + -322366210?
-322366207
In base 10, what is -1530 + 1628?
98
In base 12, what is -2b6 - 282b5?
-285ab
In base 6, what is 4 - -2050400102?
2050400110
In base 2, what is -100111001001101 + -111110110?
-101000001000011
In base 10, what is 4 - 125989642?
-125989638
In base 5, what is 431221103 - -31?
431221134
In base 8, what is 124376 + -715?
123461
In base 3, what is -1221012010210 - -1000?
-1221012002210
In base 3, what is -10111101 + -1002101021?
-1012212122
In base 2, what is -100001110111010110011 + 101011?
-100001110111010001000
In base 16, what is -4 - -60be?
60ba
In base 6, what is -1030 + -2424420?
-2425450
In base 5, what is -10 + -124031214414?
-124031214424
In base 4, what is -212123122 + 222?
-212122300
In base 10, what is 20517 + -1924?
18593
In base 5, what is 32433 + 11313321?
11401304
In base 3, what is 11011012 - -11122122?
22210211
In base 10, what is 3 + -2980824?
-2980821
In base 6, what is 45001113 + -5?
45001104
In base 10, what is 21478472 - -12?
21478484
In base 9, what is 46 + -372850?
-372803
In base 2, what is -1110010110100000001000011 + 1001?
-1110010110100000000111010
In base 2, what is -100111000100100010110100010 + -1?
-100111000100100010110100011
In base 16, what is 2bc - -827e?
853a
In base 2, what is -1000110111110001 - -100000010?
-1000110011101111
In base 5, what is -12333104 + -10304?
-12343413
In base 16, what is -178a66 - 6?
-178a6c
In base 7, what is -3 + -604003203?
-604003206
In base 6, what is 2552320 - -430?
2553150
In base 11, what is -31a8650 + -7?
-31a8657
In base 11, what is 40a + 30956?
31265
In base 16, what is 17f2d6 + -2?
17f2d4
In base 14, what is -309 - 7ac?
-ab7
In base 5, what is -11123404 - 1203?
-11130112
In base 16, what is 7fca5 + -2f?
7fc76
In base 14, what is 1d9 - -1c8a6?
1caa1
In base 7, what is -1162426124 + 2?
-1162426122
In base 14, what is 14 - -32466c?
324682
In base 9, what is -11 + 2885222?
2885211
In base 4, what is -11312100310 - 12321?
-11312113231
In base 15, what is -1 - 869540?
-869541
In base 12, what is 9651391 + 4?
9651395
In base 16, what is a6 - -2bfd3?
2c079
In base 2, what is 11000011 - -100001011100111001?
100001011111111100
In base 16, what is 187 + 68c63?
68dea
In base 8, what is -36505 + 41?
-36444
In base 7, what is -306014632 + -2?
-306014634
In base 7, what is 3 - 504131650?
-504131644
In base 15, what is 45 + -c27dd?
-c2798
In base 15, what is 24 - 3ae2?
-3abd
In base 5, what is -4322 - -32311?
22434
In base 12, what is 7 - -3154915?
3154920
In base 5, what is -431313 + -11?
-431324
In base 12, what is -1766365b - 2?
-17663661
In base 6, what is -2341154 - 3214?
-2344412
In base 14, what is ba32 + -7b?
b995
In base 15, what is -917 + -86dc?
-9104
In base 8, what is 614267 + -140?
614127
In base 8, what is 12001142 + -15?
12001125
In base 3, what is -1002020 + 202212201?
201210111
In base 4, what is 2 + 10003220210031?
10003220210033
In base 8, what is 0 - 16677367?
-16677367
In base 6, what is -40254 - -124124?
43430
In base 13, what is -27a - -20994?
20717
In base 8, what is -134703555 + -5?
-134703562
In base 3, what is 10 + -1212011022121200?
-1212011022121120
In base 15, what is -23a - 304bd?
-30708
In base 12, what is -1452519 + -3?
-1452520
In base 11, what is 6260174 + 5?
6260179
In base 5, what is 0 - -13212340401?
13212340401
In base 6, what is 43555 + -245104?
-201105
In base 8, what is 26366754 - -4?
26366760
In base 6, what is 2453245212 + 1?
2453245213
In base 10, what is 18 - 1061727?
-1061709
In base 6, what is -22432141 + 4?
-22432133
In base 3, what is -212120000 + -1201?
-212121201
In base 15, what is -7 - -44b4ce?
44b4c7
In base 4, what is -203111 - -2221120?
2012003
In base 9, what is 10182448 + 5?
10182454
In base 14, what is 1b9d49b + 4?
1b9d4a1
In base 2, what is -100001010000000101 + -1001?
-100001010000001110
In base 9, what is -7 - -5425?
5417
In base 6, what is -424 + -3305?
-4133
In base 14, what is 8cd5795 + 2?
8cd5797
In base 11, what is -4 + 38048a2?
3804899
In base 15, what is -8ea + -6dea?
-77e5
In base 2, what is -1100011 - -10010111011010101100?
10010111011001001001
In base 12, what is a5b3 - -4936?
13329
In base 14, what is 30a269 - -2a?
30a295
In base 4, what is 2311 + 1102203301?
1102212212
In base 2, what is -1111111000101 - 101111010110110?
-111111001111011
In base 6, what is -404 - -1015114?
1014310
In base 14, what is 1 - 3b9c6d?
-3b9c6c
In base 7, what is -414025 + -6512?
-423540
In base 7, what is 30400 + -32132?
-1432
In base 11, what is -6165 + 1929?
-4337
In base 5, what is -13120113 - 413440?
-14034103
In base 6, what is -332544 - -320?
-332224
In base 10, what is 11552753 + 2?
11552755
In base 9, what is 0 - 6676106?
-6676106
In base 12, what is 1b5 + 7a5b?
8054
In base 2, what is 101 - -10011000100001100000110100011?
10011000100001100000110101000
In base 12, what is 0 - -792992?
792992
In base 11, what is 6 + 1a89366a?
1a893675
In base 9, what is -260487608 - -5?
-260487603
In base 8, what is -1452 + -23621?
-25273
In base 7, what is 431 + -60221?
-56460
In base 11, what is 98605 + -232?
98383
In base 3, what is -120000 - 1102112120?
-1110002120
In base 12, what is 9075646b - 2?
90756469
In base 7, what is -263146 + 5322?
-254524
In base 15, what is -4449 - -756?
-3be3
In base 16, what is -6303b - 5?
-63040
In base 13, what is 95b90c47 + 0?
95b90c47
In base 15, what is -aa - 7c43d?
-7c4e8
In base 14, what is -1cd440b + 1?
-1cd440a
In base 5, what is -101444 + -2201204?
-2303203
In base 11, what is -748 + 2a8a87?
2a833a
In base 4, what is -11 - -10220220023321?
10220220023310
In base 4, what is -1000 - 31001030?
-31002030
In base 15, what is 7246d9 + -1?
7246d8
In base 11, what is -289a9a8 + -14?
-289aa11
In base 7, what is -34 - -40460364?
40460330
In base 3, what is -200111220020 - 111212?
-200112102002
In base 5, what is -221020202343 + -14?
-221020202412
In base 8, what is -644147523 + -5?
-644147530
In base 8, what is -121165266 + 15?
-121165251
In base 2, what is 100101011000110 - -1010011110?
100110101100100
In base 13, what is 51515 + 84?
51599
In base 12, what is 21 - -26b133?
26b154
In base 2, what is -10 - -1101101000001011111?
1101101000001011101
In base 6, what is -1405250 - -41223?
-1324023
In base 10, what is 619870 - -511?
620381
In base 15, what is -175e7e - 5?
-175e84
In base 15, what is 307 + -4cc?
-1c5
In base 12, what is -1364a + 70?
-1359a
In base 13, what is -3a75 + -b74?
-4919
In base 14, what is 14702 - -c?
14710
In base 6, what is 111524152 + 500?
111525052
In base 4, what is -131001 + -212233033?
-213030100
In base 7, what is 1462336 + -1?
1462335
In base 4, what is -2 - -12110232312321?
12110232312313
In base 14, what is -41c - 16514b?
-165569
In base 13, what is 387753bb - -3?
387753c1
In base 6, what is 24 - 101141201?
-101141133
In base 15, what is -15ee4 + -42?
-16036
In base 3, what is -12222 - -102220221?
102200222
In base 9, what is 44 + -436100?
-436045
In base 8, what is -1155615 - -7?
-1155606
In base 12, what is 7362663a + 3?
73626641
In base 7, what is -113 - -5441440?
5441324
In base 3, what is -2222201210210110 - -2?
-2222201210210101
In base 15, what is -49